 - 89815 = 196270. List the prime factors of y.
2, 36913
Let z = 732 + 1141. Let d = z + -601. List the prime factors of d.
2, 3, 53
Let o be (4434/15)/((-78)/(-15) + -5). Let m = 2177 - o. What are the prime factors of m?
3, 233
Let y(l) = 5*l - 7*l + 0*l + 5 - 4*l**2 + 2. Let x be y(-5). Let b = x + 122. What are the prime factors of b?
3, 13
Let z(l) = -6*l + 75. Let y be z(8). Suppose -y*u = -6630 - 21180. What are the prime factors of u?
2, 5, 103
Let c = 5672 - -11133. List the prime factors of c.
5, 3361
Let d(l) be the second derivative of -l**3/6 - 14*l**2 - 16*l. Let b be d(-18). Let k = b + 26. List the prime factors of k.
2
Suppose 4*n - 3*u - 41 = -13, 2*u = 4*n - 24. Let l(z) = z**3 - 6*z**2 - z - 9. Let m be l(n). Let h = m + 68. List the prime factors of h.
23
Suppose -54 = -3*g - c, 3*g + g - 3*c = 59. Suppose 22*n - g*n = 20. Suppose 2*k - n = 20. List the prime factors of k.
2, 3
Let b(h) = -h**3 + 9*h**2 + 2*h - 16. Let v be b(9). Suppose 0 = v*z + 7 - 5. What are the prime factors of -2*(z + 0 + -3)?
2
Suppose 290474 - 731354 = -42*h + 626382. What are the prime factors of h?
25411
Let x(p) = p + 5. Let b(r) = -r**3 - 6*r**2 - 3*r + 13. Let j be b(-6). Let a = -23 + j. List the prime factors of x(a).
13
What are the prime factors of (21 - 33 - 73)*-140?
2, 5, 7, 17
Let m(r) = -r**2 + 196*r - 205*r - r**2 + 5*r**2 + r**3. Let c(a) = a**2 + 4. Let u be c(0). What are the prime factors of m(u)?
2, 19
List the prime factors of 0 + -1 + 8027 - -2 - (97 - 90).
13, 617
What are the prime factors of 1 - (-2054)/12 - (-354)/(-2124)?
2, 43
What are the prime factors of ((-1140)/513)/(6/(-4887))?
2, 5, 181
Let d(c) = 3*c**2 + 5*c + 13. Let b be d(-6). Let m = 194 - b. Suppose -2*u + 35 + m = 0. List the prime factors of u.
3, 23
Let d = 114528 + -43087. List the prime factors of d.
199, 359
Suppose -2*n = -7*n - 20. Let l be 55/(-44)*n/(-1). Let k = 27 - l. What are the prime factors of k?
2
List the prime factors of (-3 + (3 - 1))*6 - (-20304)/4.
2, 3, 5, 13
Let q = -37090 - -45139. What are the prime factors of q?
3, 2683
Let t(n) = -2*n**2 - 8 + 5 + 24*n + 1. Let f be t(14). Let k = f + 114. List the prime factors of k.
2, 7
Let i(v) = -v**3 + 40*v**2 + 283*v - 95. List the prime factors of i(44).
7, 659
Let v be 6 + (12/3 - (1 - -4)). Suppose v*i - x = -6*x + 555, i - 2*x = 105. List the prime factors of i.
109
Let k = 1918 + 922. Suppose -6*h + 4*h + 5*l = -1910, 0 = 3*h + 5*l - k. What are the prime factors of h?
2, 5, 19
Let u(p) = -1 + 14 - 2*p**2 + 4 - 19*p**2 + 5*p. Let i be u(-4). What are the prime factors of i*((-12)/18)/(2 + 0)?
113
Suppose 5*w - 2993 = 4887. Suppose 21*k - 6614 = w. What are the prime factors of k?
2, 3, 5, 13
Suppose 206*j - 883520 = 46*j. List the prime factors of j.
2, 11, 251
Let u(a) = a + 31. Let n be u(-19). Let k be n/30 - 6/(-10). What are the prime factors of ((-156)/(-130))/(k/75)?
2, 3, 5
What are the prime factors of ((-45)/81*-31983)/((-16)/(-48))?
5, 7, 1523
Let k(d) = -d**3 + 7*d**2 + 7*d. Let b be k(7). What are the prime factors of ((-18)/7 + 2)*b/(-2)?
2, 7
Let g be 4 + -4 - -1*(-18 - 0). Let p(d) = d**3 + 21*d**2 + 35*d - 47. What are the prime factors of p(g)?
5, 59
Let u = -8 - -12. Suppose 4 = -u*b + 184. What are the prime factors of (-3)/(b/12) - 988/(-10)?
2, 7
List the prime factors of ((-36)/(-8))/(-9*6/(-13500)).
3, 5
Suppose -3*t + 194 = 2*d, -208 = -4*t - 3*d + 52. What are the prime factors of (-7 - (-1 + t))*-8*1?
2, 17
Let d = -10944 - -22050. What are the prime factors of d?
2, 3, 617
Suppose -10*s + 25961 = -9949. Suppose 411 = -5*k + s. What are the prime factors of k?
2, 3, 53
Suppose -10*v - 500 = 15*v. What are the prime factors of 5*8/v + 501?
499
Suppose 3*o - 3 + 21 = -3*x, 5*o + 2*x = -33. Let c = o + 4. List the prime factors of -2 - (1 + c - 2).
2
Let s be (12/(-5))/(57/1520). Let o = s - -112. Suppose y - o = 28. List the prime factors of y.
2, 19
Let s be (2 - 0) + ((-2608)/(-1))/(-2). Let p = -340 - s. What are the prime factors of (-9)/54 - p/(-12)?
2, 5
Let x = 277 - 169. List the prime factors of (46/(-4))/(-2 + x/56).
7, 23
Let b(g) = 1818*g**2 - 4767*g + 15. What are the prime factors of b(6)?
3, 11, 1117
Let v(k) = -k**3 - k**2 + k + 36. Let f be v(0). Let r be (-2)/(16/f)*-10. Let p = 74 - r. What are the prime factors of p?
29
Let s(n) = 50*n + 1421. Let l be s(0). Suppose -434 = 7*t - l. List the prime factors of t.
3, 47
Let v(j) = -106*j**2 + 4*j + 6. Let k(w) = -52*w**2 + 3*w + 3. Let c(q) = 7*k(q) - 4*v(q). List the prime factors of c(1).
2, 31
Suppose -1158*x + 1203*x = 120060. What are the prime factors of x?
2, 23, 29
Suppose -4*a = 5*f - f + 2748, 0 = -4*a - 8. Let m = f + 1192. What are the prime factors of m?
3, 13
Suppose -10*d + 661 = 1. Suppose 5*a = d + 44. Let s = a + -7. List the prime factors of s.
3, 5
Let a be -2 - (0 + 2 + -3). Let l be 12/4 - -4 - a. Suppose -r + 5*m = -140, 4*m = -l - 12. List the prime factors of r.
5, 23
Suppose -3*a + 120 = -105. Suppose -x + a = -53. Let q = x + -61. List the prime factors of q.
67
Suppose 5*l = x + 1403, 4*l + 4*x - 828 = l. Suppose -3*f + l = 7*f. Suppose -f*r + 24*r + 360 = 0. List the prime factors of r.
2, 3, 5
Let r be -1*1/1*0*1. Suppose w = 5, 4*s + 0*w - w - 15 = r. Suppose -s*b = -3*p + 4*p - 88, 0 = 3*b - 3. What are the prime factors of p?
83
Suppose 0 = 2*c - 3*a - 15, 3*a = -0*c - 2*c - 3. Suppose 6 + 9 = -c*t. List the prime factors of (t*2/(-4))/((-4)/(-272)).
2, 5, 17
Suppose 287*w - 28000 = 262*w. What are the prime factors of w?
2, 5, 7
List the prime factors of -29 + 15167/3 + (-2)/(-6).
11, 457
Let l(p) = 4*p**3. Let j be l(1). Suppose -h - f + 266 = -j*f, -3*h = 3*f - 738. What are the prime factors of h?
251
Let g(z) = -z**2 + 30*z. Let j be g(30). Let v be (j + -1)/(4/20). Let n(w) = w**2 + 7*w + 14. List the prime factors of n(v).
2
Let x be ((-787 + -1)/(-4))/(4 + -3). Let h = x + -111. Let a = 179 - h. List the prime factors of a.
3, 31
Let l be (-2 - -4 - 4)*1. What are the prime factors of 7308/20 - (40/(-25) - l)?
5, 73
Let d be (1/1)/(4/20). Let b(z) = 29 - z**3 + 22 + 9*z**2 - 32 - d*z. What are the prime factors of b(8)?
43
Let r(h) be the first derivative of 13*h**4/6 + 5*h**3/3 - h**2/2 - 28*h - 24. Let b(a) be the first derivative of r(a). What are the prime factors of b(-3)?
7, 29
Suppose 90 + 6 = 2*k. Let v = k + 82. Suppose 0 = 5*z + 5*t - v, -83 = 2*z - 5*z + 2*t. List the prime factors of z.
3
Suppose 0 = -3*s - 61 - 23. Let k = s + 10. Let x = 81 - k. List the prime factors of x.
3, 11
Let n be 111/9 + (-10)/(-15) + -1. Let g be 4/(-12) + (-23)/3. Let f = n - g. List the prime factors of f.
2, 5
Suppose -11*u = -20*u + 158623 + 9974. What are the prime factors of u?
11, 13, 131
Let t(x) = 751*x + 203. What are the prime factors of t(20)?
13, 1171
Let u = -2 - -8. Let g = u + 18. Suppose -5*k - g = 5*m - 6*m, -4*m - 4*k + 48 = 0. What are the prime factors of m?
2, 7
Suppose -4*a + 1164 = -2*l + 3340, 3*l - 3264 = -4*a. List the prime factors of l.
2, 17
What are the prime factors of (-94199)/(-2) + (-35)/910 + (-18)/39?
13, 3623
Suppose 55622 = 26*i - 0*i + 3*i. List the prime factors of i.
2, 7, 137
Suppose 305*b - 10003015 = 3848588 - 3136038. What are the prime factors of b?
3, 7, 239
Suppose 40*a - 4*l - 1987 = 39*a, -a - 4*l + 2019 = 0. List the prime factors of a.
2003
Suppose -14*v - 15*v = -2291. Let s = v - 32. What are the prime factors of s?
47
Let h = 93970 + -53055. What are the prime factors of h?
5, 7, 167
Let p be 2*((-1)/2 + 3). Suppose -5*l - 4*j + 354 + 244 = 0, 592 = p*l + j. List the prime factors of l.
2, 59
Let r be 1*(-4)/8*0. Suppose r = 3*v + 2*t - 391, 0 = 4*t - 1 + 17. Suppose -6*l - l = -v. List the prime factors of l.
19
Let z(l) = 11*l**2 + 6*l - 2. Suppose -15 = -2*n - 5. Suppose v - 3*v + 9 = -5*a, -n*v - 6 = -3*a. What are the prime factors of z(a)?
79
Suppose -324 = 14*d + 810. Let z = d + 85. Suppose z*s + 5*x - 64 = 2*s, -s = -2*x - 32. What are the prime factors of s?
2
Let y(n) be the third derivative of -n**6/120 + 8*n**5/15 - 59*n**4/24 - 17*n**3/6 - 4*n**2 + 3. List the prime factors of y(28).
3, 163
Let k(n) = 2*n**3 + 3*n**2 + 37*n + 12192. List the prime factors of k(0).
2, 3, 127
Suppose 11 = 4*